r of g and m?
15
Let a = 23 - 11. Calculate the highest common factor of 6 and a.
6
Suppose -76 = -r - 5*s, r + 0*r = 3*s + 100. Suppose -9 - r = -5*k. What is the highest common factor of 8 and k?
4
Suppose -2*w + 16 = -w. Let h = 26 - w. Calculate the highest common divisor of h and 4.
2
Suppose -4*k - 18 = 5*d, 10*d - 4*k = 5*d - 2. Let m = 7 + -4. Let a = m + d. Calculate the highest common factor of a and 1.
1
Let o be -3 - (-40)/15*(-2 - -5). What is the highest common divisor of 5 and o?
5
Let t(u) = 6*u - 3. Let d be t(2). Let x(p) = -p**3 + 2. Let o be x(2). Let l(f) = -11*f + 6. Let j be l(o). Calculate the greatest common divisor of d and j.
9
Let i = 11 + 17. Calculate the highest common factor of i and 70.
14
Suppose z - 3*z + 6 = 0. Suppose -32 = -r + f + 3*f, -5*f + 28 = z*r. Calculate the highest common factor of r and 16.
16
Suppose 3*r = 91 + 71. Calculate the greatest common factor of r and 72.
18
Let u = -20 + 28. Suppose -4*b + 565 = b. Suppose 3*t - b = -4*j - 21, 0 = -2*t - 4*j + 60. What is the highest common divisor of u and t?
8
Suppose -2*s + 64 = 2*s. Let t(p) = p**2. Let r be t(2). Suppose 0 = -3*l - 4*c - 6 + 18, 0 = 2*l - r*c - 8. What is the highest common divisor of s and l?
4
Suppose 0*r - 248 = -r. Suppose -5*b + r = -247. Calculate the greatest common divisor of 9 and b.
9
Let f(u) = 1 + 10*u**2 + 0 + u + 13*u**2 - 20*u**2. Suppose r = -n - 2, 0*n = 2*n + 4*r. Let v be f(n). Calculate the highest common factor of v and 15.
15
Suppose 4 = -4*g - 16. Let l be (15/(-6))/g*2. Let p be (l + -2)*(-8 + 0). What is the highest common factor of p and 8?
8
Let z = -9 + 25. What is the highest common divisor of z and 128?
16
Let z = -2 + 10. Suppose 2*i - z = -0*i. Calculate the greatest common divisor of 1 and i.
1
Let z(u) = -u**3 + 6*u**2 + 2*u - 9. Let i be z(6). Suppose 193 = -0*w + i*w + 5*k, w + 3*k - 71 = 0. What is the greatest common divisor of w and 7?
7
Suppose -724 = -5*d + 36. What is the highest common factor of d and 19?
19
Let h(b) = -58*b - 4. Let o be h(-3). Let n = o + -86. Suppose 2*d = -3*f + 39, 0 = -5*f - 3 + 28. Calculate the greatest common divisor of d and n.
12
Let d be (-28)/(-16)*4*1. Suppose 3*a - 103 - 86 = 0. Calculate the greatest common factor of d and a.
7
Let d = -54 + 80. Suppose -3*a - d = -5*a. What is the highest common factor of 117 and a?
13
Let p(q) be the third derivative of q**5/30 + q**4/24 + q**3/6 + 4*q**2. Let o be p(2). Calculate the greatest common factor of 55 and o.
11
Let a(x) = -x**2 - 7*x + 9. Let z be (-1*(-7)/(-1))/1. Let t be a(z). Calculate the greatest common divisor of t and 45.
9
Let t be 3 + 4/(4/3). Suppose -3*u + 48 = u. Calculate the greatest common factor of t and u.
6
Suppose 2*v + 2*v = 8. Let c = -4 + 6. Suppose 5*z = -19 - 6, c*z = -v*m + 242. Calculate the highest common factor of 14 and m.
14
Let l(j) = -3*j + 114 + 6*j + j**3 - 3*j. Let r be l(0). What is the greatest common factor of 19 and r?
19
Let m = 75 + -31. Let i be 118 + -11 - 9/(-4 - -1). Calculate the highest common divisor of m and i.
22
Suppose p + 2 = -z + 30, z = -5*p + 12. Let r = -11 + z. What is the greatest common factor of r and 3?
3
Let m(n) = n**3 - 8*n**2 - 4*n - 13. Let d be m(9). Let k be (-1 - -9)/(2/4). What is the highest common factor of k and d?
16
Let c = -22 - -40. Calculate the greatest common divisor of 2 and c.
2
Let w(a) = -12*a - 8. Let n be w(-12). Suppose 2*c + 5*j = -3*c + 145, -4*c = -j - n. Calculate the highest common factor of 22 and c.
11
Suppose -296 + 86 = -6*k. What is the highest common factor of 5 and k?
5
Suppose -s = -4*s + 36. Suppose 0 = 4*v - 123 + 47. Let p = 31 - v. What is the highest common factor of p and s?
12
Suppose o = p - 27, -o + 1 = 6. Let j = 37 - p. What is the greatest common factor of 3 and j?
3
Let j be (-18)/(1*(-3 - -2)*1). What is the greatest common factor of 6 and j?
6
Let m(q) = 35*q - 1. Let o be m(1). Suppose -5*y - 51 = -476. What is the highest common divisor of y and o?
17
Let k(c) = -7*c + 4. Let x be k(-2). Calculate the highest common factor of 18 and x.
18
Let z be 166/4*4 - -2. Calculate the highest common divisor of 24 and z.
24
Let t(p) be the first derivative of 3*p**3 - 1/2*p**2 - 1/4*p**4 - 1 + 10*p. Let c be t(9). What is the greatest common divisor of 3 and c?
1
Suppose 6*i - 932 + 74 = 0. What is the highest common factor of 11 and i?
11
Let q = -7 + 7. Suppose q = 2*j - j - 27. Calculate the highest common divisor of 9 and j.
9
Let k be (45/(-6))/(3/(-52)). Suppose k + 14 = n. Suppose -3*f + 48 = -0*f. Calculate the greatest common factor of f and n.
16
Let s = 171 - 91. Calculate the greatest common factor of s and 10.
10
Let u = -15 + 19. Suppose -194 + 62 = -u*w. What is the highest common factor of w and 22?
11
Suppose 7*v + 10 = 9*v. What is the greatest common factor of 5 and v?
5
Suppose 0*m - 2*m = -16. Calculate the highest common factor of 32 and m.
8
Let v be 18 - (12/4 - 0). Suppose v = -3*j, -m + j + 1 = -8. Calculate the highest common divisor of 44 and m.
4
Suppose 2*t - 18 = k + 4*t, k + t = -14. Let b = 16 + k. Calculate the highest common divisor of b and 9.
3
Suppose -2*t + 20 = 5*f + t, 2*f - 27 = -5*t. Let g be f*-7*1*-6. Let h be 1/4 - (-222)/8. Calculate the highest common divisor of g and h.
14
Suppose -4*t + 320 = 2*b, -56 = -2*b + 3*t + 243. Suppose -b = -k - 14. Suppose 7*c - 3*c - k = 0. What is the highest common factor of c and 5?
5
Suppose 3*k + 5*x + 0*x - 71 = 0, 3*k - 85 = 2*x. What is the greatest common divisor of 3 and k?
3
Let h = 5 - 7. Let o = h - -2. Suppose o = 5*n - 296 - 194. Calculate the highest common factor of n and 14.
14
Suppose l - 5*b = -8 + 55, -4*l - 5*b + 113 = 0. What is the highest common factor of 16 and l?
16
Let a = 96 - -9. Suppose -4*n - x + a + 14 = 0, -35 = -n + 5*x. What is the greatest common factor of 20 and n?
10
Let d be 354 - (-3)/9*-6. What is the greatest common factor of 32 and d?
32
Suppose 0 = -p - 4*p. Suppose 2*d = 3*x - 3*d - 104, p = -x + 2*d + 36. Calculate the highest common divisor of 4 and x.
4
Suppose 4*y + 3 = 75. Let p be y*1*2/4. Calculate the highest common divisor of 72 and p.
9
Let o be 6/((1 - -1)/8). Let v = 8 + -4. Suppose 4*f - o = f - v*b, -3*b + 51 = 5*f. Calculate the greatest common factor of 3 and f.
3
Let t = 182 + 27. What is the highest common factor of t and 19?
19
Suppose -11 = -3*s - 2. Suppose -5*d + 3*i - 69 = 0, s*d - 3*i - 8 = -47. Let n be 214/10 + 6/d. What is the highest common factor of n and 14?
7
Suppose z + 6*z = 119. What is the greatest common divisor of z and 187?
17
Let d(n) = n**3 - 6*n**2 + 7*n - 7. Let t be d(5). Let a = 2 + -3. Let p be 84/9 - a/(-3). Calculate the greatest common factor of t and p.
3
Let r = -6 + 8. Suppose -3*n + r*n - 6 = 0. Let q be (-3)/n - (-55)/2. What is the highest common factor of q and 7?
7
Let j be (684/(-10))/(-3) - 6/(-30). Let d = 95 - -20. What is the greatest common factor of d and j?
23
Let q = -92 - -232. Calculate the highest common divisor of 28 and q.
28
Let l(o) = -o - 4. Let w be l(0). Let k = w - -5. Let y be 1/(k/4) + 0. Calculate the greatest common divisor of y and 12.
4
Suppose 0 = 6*x - 1462 + 532. What is the greatest common divisor of x and 31?
31
Let q(y) = y**2 + 11*y - 5. Let u be q(-8). Let t be (-4 + 0)*3 - -1. Let a = t - u. What is the greatest common factor of 72 and a?
18
Suppose 0*r = -2*r + 96. Let k(w) = w + 3. Let n be k(3). Let l = n - 0. Calculate the highest common divisor of r and l.
6
Let q be ((-300)/40)/((-1)/22). What is the highest common factor of q and 33?
33
Let m(r) = 3*r**3. Let b be m(1). Let g = 21 - 57. Let s = -21 - g. What is the greatest common divisor of b and s?
3
Let v = -12 + 44. Calculate the highest common divisor of 64 and v.
32
Suppose 9 = -v - 5. Let u = v - -65. What is the greatest common factor of 34 and u?
17
Let a(f) = -2*f**2 + 6*f. Let d(n) = 4*n**2 - 11*n. Let v(z) = 5*a(z) + 3*d(z). Let g be v(5). Calculate the highest common factor of 14 and g.
7
Suppose -273 = -4*p + 159. Suppose 7*j - 36 = 4*j. What is the highest common factor of j and p?
12
Let p = 300 - 202. Let f = p - 18. Suppose 4*b = -5*d + 54, 0*b - 17 = -2*d + 3*b. Calculate the greatest common factor of f and d.